{"id":724,"date":"2026-03-16T14:06:49","date_gmt":"2026-03-16T14:06:49","guid":{"rendered":"https:\/\/bseendustriyel.com\/product\/bemol-spice-extra\/"},"modified":"2026-03-16T19:42:41","modified_gmt":"2026-03-16T19:42:41","slug":"bemol-spice-extra","status":"publish","type":"product","link":"https:\/\/bseendustriyel.com\/?product=bemol-spice-extra","title":{"rendered":"Bemol Spice Extra"},"content":{"rendered":"<p>Baharatl\u0131-egzotik kokulu genel ama\u00e7l\u0131 y\u00fczey temizleyici. Zemin, banyo ve mutfak y\u00fczeylerini temizlerken ortama uzun s\u00fcreli ho\u015f koku b\u0131rak\u0131r.<\/p>\n<p>30kg, 5kg<\/p>\n","protected":false},"excerpt":{"rendered":"<p>Baharatl\u0131-egzotik kokulu genel ama\u00e7l\u0131 y\u00fczey temizleyici. Zemin, banyo ve mutfak y\u00fczeylerini temizlerken ortama uzun s\u00fcreli ho\u015f koku b\u0131rak\u0131r.<\/p>\n","protected":false},"featured_media":0,"comment_status":"closed","ping_status":"open","template":"","meta":[],"product_brand":[],"product_cat":[201,203,44],"product_tag":[],"class_list":{"0":"post-724","1":"product","2":"type-product","3":"status-publish","5":"product_cat-bemol-balins-cortex-end","6":"product_cat-genel-temizlik","7":"product_cat-temizlik-kimyasallari","9":"first","10":"instock","11":"product-type-simple"},"yoast_head":"<!-- This site is optimized with the Yoast SEO Premium plugin v27.1 (Yoast SEO v27.4) - https:\/\/yoast.com\/product\/yoast-seo-premium-wordpress\/ -->\n<title>Bemol Spice Extra - BSE Endusriyel Tedarik<\/title>\n<meta name=\"description\" content=\"Baharatl\u0131-egzotik kokulu genel ama\u00e7l\u0131 y\u00fczey temizleyici. Zemin, banyo ve mutfak y\u00fczeylerini temizlerken ortama uzun s\u00fcreli ho\u015f koku b\u0131rak\u0131r. Eko-Kim&#039;den sipa...\" \/>\n<meta name=\"robots\" content=\"index, follow, max-snippet:-1, max-image-preview:large, max-video-preview:-1\" \/>\n<link rel=\"canonical\" href=\"https:\/\/bseendustriyel.com\/?product=bemol-spice-extra\" \/>\n<meta property=\"og:locale\" content=\"tr_TR\" \/>\n<meta property=\"og:type\" content=\"article\" \/>\n<meta property=\"og:title\" content=\"Bemol Spice Extra\" \/>\n<meta property=\"og:description\" content=\"Baharatl\u0131-egzotik kokulu genel ama\u00e7l\u0131 y\u00fczey temizleyici. Zemin, banyo ve mutfak y\u00fczeylerini temizlerken ortama uzun s\u00fcreli ho\u015f koku b\u0131rak\u0131r. Eko-Kim&#039;den sipa...\" \/>\n<meta property=\"og:url\" content=\"https:\/\/bseendustriyel.com\/?product=bemol-spice-extra\" \/>\n<meta property=\"og:site_name\" content=\"BSE Endusriyel Tedarik\" \/>\n<meta property=\"article:modified_time\" content=\"2026-03-16T19:42:41+00:00\" \/>\n<meta name=\"twitter:card\" content=\"summary_large_image\" \/>\n<script type=\"application\/ld+json\" class=\"yoast-schema-graph\">{\"@context\":\"https:\\\/\\\/schema.org\",\"@graph\":[{\"@type\":\"WebPage\",\"@id\":\"https:\\\/\\\/bseendustriyel.com\\\/?product=bemol-spice-extra\",\"url\":\"https:\\\/\\\/bseendustriyel.com\\\/?product=bemol-spice-extra\",\"name\":\"Bemol Spice Extra - BSE Endusriyel Tedarik\",\"isPartOf\":{\"@id\":\"https:\\\/\\\/bseendustriyel.com\\\/#website\"},\"datePublished\":\"2026-03-16T14:06:49+00:00\",\"dateModified\":\"2026-03-16T19:42:41+00:00\",\"description\":\"Baharatl\u0131-egzotik kokulu genel ama\u00e7l\u0131 y\u00fczey temizleyici. Zemin, banyo ve mutfak y\u00fczeylerini temizlerken ortama uzun s\u00fcreli ho\u015f koku b\u0131rak\u0131r. Eko-Kim'den sipa...\",\"breadcrumb\":{\"@id\":\"https:\\\/\\\/bseendustriyel.com\\\/?product=bemol-spice-extra#breadcrumb\"},\"inLanguage\":\"tr\",\"potentialAction\":[{\"@type\":\"ReadAction\",\"target\":[\"https:\\\/\\\/bseendustriyel.com\\\/?product=bemol-spice-extra\"]}]},{\"@type\":\"BreadcrumbList\",\"@id\":\"https:\\\/\\\/bseendustriyel.com\\\/?product=bemol-spice-extra#breadcrumb\",\"itemListElement\":[{\"@type\":\"ListItem\",\"position\":1,\"name\":\"Anasayfa\",\"item\":\"https:\\\/\\\/bseendustriyel.com\\\/\"},{\"@type\":\"ListItem\",\"position\":2,\"name\":\"Shop\",\"item\":\"https:\\\/\\\/bseendustriyel.com\\\/?page_id=24\"},{\"@type\":\"ListItem\",\"position\":3,\"name\":\"Bemol Spice Extra\"}]},{\"@type\":\"WebSite\",\"@id\":\"https:\\\/\\\/bseendustriyel.com\\\/#website\",\"url\":\"https:\\\/\\\/bseendustriyel.com\\\/\",\"name\":\"BSE Endusriyel Tedarik\",\"description\":\"\",\"potentialAction\":[{\"@type\":\"SearchAction\",\"target\":{\"@type\":\"EntryPoint\",\"urlTemplate\":\"https:\\\/\\\/bseendustriyel.com\\\/?s={search_term_string}\"},\"query-input\":{\"@type\":\"PropertyValueSpecification\",\"valueRequired\":true,\"valueName\":\"search_term_string\"}}],\"inLanguage\":\"tr\"}]}<\/script>\n<!-- \/ Yoast SEO Premium plugin. -->","yoast_head_json":{"title":"Bemol Spice Extra - BSE Endusriyel Tedarik","description":"Baharatl\u0131-egzotik kokulu genel ama\u00e7l\u0131 y\u00fczey temizleyici. Zemin, banyo ve mutfak y\u00fczeylerini temizlerken ortama uzun s\u00fcreli ho\u015f koku b\u0131rak\u0131r. Eko-Kim'den sipa...","robots":{"index":"index","follow":"follow","max-snippet":"max-snippet:-1","max-image-preview":"max-image-preview:large","max-video-preview":"max-video-preview:-1"},"canonical":"https:\/\/bseendustriyel.com\/?product=bemol-spice-extra","og_locale":"tr_TR","og_type":"article","og_title":"Bemol Spice Extra","og_description":"Baharatl\u0131-egzotik kokulu genel ama\u00e7l\u0131 y\u00fczey temizleyici. Zemin, banyo ve mutfak y\u00fczeylerini temizlerken ortama uzun s\u00fcreli ho\u015f koku b\u0131rak\u0131r. Eko-Kim'den sipa...","og_url":"https:\/\/bseendustriyel.com\/?product=bemol-spice-extra","og_site_name":"BSE Endusriyel Tedarik","article_modified_time":"2026-03-16T19:42:41+00:00","twitter_card":"summary_large_image","schema":{"@context":"https:\/\/schema.org","@graph":[{"@type":"WebPage","@id":"https:\/\/bseendustriyel.com\/?product=bemol-spice-extra","url":"https:\/\/bseendustriyel.com\/?product=bemol-spice-extra","name":"Bemol Spice Extra - BSE Endusriyel Tedarik","isPartOf":{"@id":"https:\/\/bseendustriyel.com\/#website"},"datePublished":"2026-03-16T14:06:49+00:00","dateModified":"2026-03-16T19:42:41+00:00","description":"Baharatl\u0131-egzotik kokulu genel ama\u00e7l\u0131 y\u00fczey temizleyici. Zemin, banyo ve mutfak y\u00fczeylerini temizlerken ortama uzun s\u00fcreli ho\u015f koku b\u0131rak\u0131r. Eko-Kim'den sipa...","breadcrumb":{"@id":"https:\/\/bseendustriyel.com\/?product=bemol-spice-extra#breadcrumb"},"inLanguage":"tr","potentialAction":[{"@type":"ReadAction","target":["https:\/\/bseendustriyel.com\/?product=bemol-spice-extra"]}]},{"@type":"BreadcrumbList","@id":"https:\/\/bseendustriyel.com\/?product=bemol-spice-extra#breadcrumb","itemListElement":[{"@type":"ListItem","position":1,"name":"Anasayfa","item":"https:\/\/bseendustriyel.com\/"},{"@type":"ListItem","position":2,"name":"Shop","item":"https:\/\/bseendustriyel.com\/?page_id=24"},{"@type":"ListItem","position":3,"name":"Bemol Spice Extra"}]},{"@type":"WebSite","@id":"https:\/\/bseendustriyel.com\/#website","url":"https:\/\/bseendustriyel.com\/","name":"BSE Endusriyel Tedarik","description":"","potentialAction":[{"@type":"SearchAction","target":{"@type":"EntryPoint","urlTemplate":"https:\/\/bseendustriyel.com\/?s={search_term_string}"},"query-input":{"@type":"PropertyValueSpecification","valueRequired":true,"valueName":"search_term_string"}}],"inLanguage":"tr"}]}},"_links":{"self":[{"href":"https:\/\/bseendustriyel.com\/index.php?rest_route=\/wp\/v2\/product\/724","targetHints":{"allow":["GET"]}}],"collection":[{"href":"https:\/\/bseendustriyel.com\/index.php?rest_route=\/wp\/v2\/product"}],"about":[{"href":"https:\/\/bseendustriyel.com\/index.php?rest_route=\/wp\/v2\/types\/product"}],"replies":[{"embeddable":true,"href":"https:\/\/bseendustriyel.com\/index.php?rest_route=%2Fwp%2Fv2%2Fcomments&post=724"}],"wp:attachment":[{"href":"https:\/\/bseendustriyel.com\/index.php?rest_route=%2Fwp%2Fv2%2Fmedia&parent=724"}],"wp:term":[{"taxonomy":"product_brand","embeddable":true,"href":"https:\/\/bseendustriyel.com\/index.php?rest_route=%2Fwp%2Fv2%2Fproduct_brand&post=724"},{"taxonomy":"product_cat","embeddable":true,"href":"https:\/\/bseendustriyel.com\/index.php?rest_route=%2Fwp%2Fv2%2Fproduct_cat&post=724"},{"taxonomy":"product_tag","embeddable":true,"href":"https:\/\/bseendustriyel.com\/index.php?rest_route=%2Fwp%2Fv2%2Fproduct_tag&post=724"}],"curies":[{"name":"wp","href":"https:\/\/api.w.org\/{rel}","templated":true}]}}