{"id":760,"date":"2026-03-16T14:07:33","date_gmt":"2026-03-16T14:07:33","guid":{"rendered":"https:\/\/bseendustriyel.com\/product\/cortex-pink\/"},"modified":"2026-03-16T19:43:14","modified_gmt":"2026-03-16T19:43:14","slug":"cortex-pink","status":"publish","type":"product","link":"https:\/\/bseendustriyel.com\/?product=cortex-pink","title":{"rendered":"Cortex Pink"},"content":{"rendered":"<p>Pembe renkli ho\u015f kokulu el ve v\u00fccut temizleme s\u0131v\u0131s\u0131. Kremlendirici katk\u0131lar i\u00e7erir; elleri ve v\u00fccudu nazik\u00e7e temizleyip p\u00fcr\u00fczs\u00fcz b\u0131rak\u0131r.<\/p>\n<p>30kg, 5kg<\/p>\n","protected":false},"excerpt":{"rendered":"<p>Pembe renkli ho\u015f kokulu el ve v\u00fccut temizleme s\u0131v\u0131s\u0131. Kremlendirici katk\u0131lar i\u00e7erir; elleri ve v\u00fccudu nazik\u00e7e temizleyip p\u00fcr\u00fczs\u00fcz b\u0131rak\u0131r.<\/p>\n","protected":false},"featured_media":310,"comment_status":"closed","ping_status":"open","template":"","meta":[],"product_brand":[],"product_cat":[201,205,44],"product_tag":[],"class_list":{"0":"post-760","1":"product","2":"type-product","3":"status-publish","4":"has-post-thumbnail","6":"product_cat-bemol-balins-cortex-end","7":"product_cat-kisisel-hijyen-bakim","8":"product_cat-temizlik-kimyasallari","10":"first","11":"instock","12":"product-type-simple"},"yoast_head":"<!-- This site is optimized with the Yoast SEO Premium plugin v27.1 (Yoast SEO v27.4) - https:\/\/yoast.com\/product\/yoast-seo-premium-wordpress\/ -->\n<title>Cortex Pink - BSE Endusriyel Tedarik<\/title>\n<meta name=\"description\" content=\"Pembe renkli ho\u015f kokulu el ve v\u00fccut temizleme s\u0131v\u0131s\u0131. Kremlendirici katk\u0131lar i\u00e7erir; elleri ve v\u00fccudu nazik\u00e7e temizleyip p\u00fcr\u00fczs\u00fcz b\u0131rak\u0131r. Eko-Kim&#039;den sipari...\" \/>\n<meta name=\"robots\" content=\"index, follow, max-snippet:-1, max-image-preview:large, max-video-preview:-1\" \/>\n<link rel=\"canonical\" href=\"https:\/\/bseendustriyel.com\/?product=cortex-pink\" \/>\n<meta property=\"og:locale\" content=\"tr_TR\" \/>\n<meta property=\"og:type\" content=\"article\" \/>\n<meta property=\"og:title\" content=\"Cortex Pink\" \/>\n<meta property=\"og:description\" content=\"Pembe renkli ho\u015f kokulu el ve v\u00fccut temizleme s\u0131v\u0131s\u0131. Kremlendirici katk\u0131lar i\u00e7erir; elleri ve v\u00fccudu nazik\u00e7e temizleyip p\u00fcr\u00fczs\u00fcz b\u0131rak\u0131r. Eko-Kim&#039;den sipari...\" \/>\n<meta property=\"og:url\" content=\"https:\/\/bseendustriyel.com\/?product=cortex-pink\" \/>\n<meta property=\"og:site_name\" content=\"BSE Endusriyel Tedarik\" \/>\n<meta property=\"article:modified_time\" content=\"2026-03-16T19:43:14+00:00\" \/>\n<meta property=\"og:image\" content=\"https:\/\/bseendustriyel.com\/wp-content\/uploads\/2026\/03\/513-cortex-pink-kisisel-hijyen-bakim-801.jpg\" \/>\n\t<meta property=\"og:image:width\" content=\"1000\" \/>\n\t<meta property=\"og:image:height\" content=\"1000\" \/>\n\t<meta property=\"og:image:type\" content=\"image\/jpeg\" \/>\n<meta name=\"twitter:card\" content=\"summary_large_image\" \/>\n<script type=\"application\/ld+json\" class=\"yoast-schema-graph\">{\"@context\":\"https:\\\/\\\/schema.org\",\"@graph\":[{\"@type\":\"WebPage\",\"@id\":\"https:\\\/\\\/bseendustriyel.com\\\/?product=cortex-pink\",\"url\":\"https:\\\/\\\/bseendustriyel.com\\\/?product=cortex-pink\",\"name\":\"Cortex Pink - BSE Endusriyel Tedarik\",\"isPartOf\":{\"@id\":\"https:\\\/\\\/bseendustriyel.com\\\/#website\"},\"primaryImageOfPage\":{\"@id\":\"https:\\\/\\\/bseendustriyel.com\\\/?product=cortex-pink#primaryimage\"},\"image\":{\"@id\":\"https:\\\/\\\/bseendustriyel.com\\\/?product=cortex-pink#primaryimage\"},\"thumbnailUrl\":\"https:\\\/\\\/bseendustriyel.com\\\/wp-content\\\/uploads\\\/2026\\\/03\\\/513-cortex-pink-kisisel-hijyen-bakim-801.jpg\",\"datePublished\":\"2026-03-16T14:07:33+00:00\",\"dateModified\":\"2026-03-16T19:43:14+00:00\",\"description\":\"Pembe renkli ho\u015f kokulu el ve v\u00fccut temizleme s\u0131v\u0131s\u0131. Kremlendirici katk\u0131lar i\u00e7erir; elleri ve v\u00fccudu nazik\u00e7e temizleyip p\u00fcr\u00fczs\u00fcz b\u0131rak\u0131r. Eko-Kim'den sipari...\",\"breadcrumb\":{\"@id\":\"https:\\\/\\\/bseendustriyel.com\\\/?product=cortex-pink#breadcrumb\"},\"inLanguage\":\"tr\",\"potentialAction\":[{\"@type\":\"ReadAction\",\"target\":[\"https:\\\/\\\/bseendustriyel.com\\\/?product=cortex-pink\"]}]},{\"@type\":\"ImageObject\",\"inLanguage\":\"tr\",\"@id\":\"https:\\\/\\\/bseendustriyel.com\\\/?product=cortex-pink#primaryimage\",\"url\":\"https:\\\/\\\/bseendustriyel.com\\\/wp-content\\\/uploads\\\/2026\\\/03\\\/513-cortex-pink-kisisel-hijyen-bakim-801.jpg\",\"contentUrl\":\"https:\\\/\\\/bseendustriyel.com\\\/wp-content\\\/uploads\\\/2026\\\/03\\\/513-cortex-pink-kisisel-hijyen-bakim-801.jpg\",\"width\":1000,\"height\":1000},{\"@type\":\"BreadcrumbList\",\"@id\":\"https:\\\/\\\/bseendustriyel.com\\\/?product=cortex-pink#breadcrumb\",\"itemListElement\":[{\"@type\":\"ListItem\",\"position\":1,\"name\":\"Anasayfa\",\"item\":\"https:\\\/\\\/bseendustriyel.com\\\/\"},{\"@type\":\"ListItem\",\"position\":2,\"name\":\"Shop\",\"item\":\"https:\\\/\\\/bseendustriyel.com\\\/?page_id=24\"},{\"@type\":\"ListItem\",\"position\":3,\"name\":\"Cortex Pink\"}]},{\"@type\":\"WebSite\",\"@id\":\"https:\\\/\\\/bseendustriyel.com\\\/#website\",\"url\":\"https:\\\/\\\/bseendustriyel.com\\\/\",\"name\":\"BSE Endusriyel Tedarik\",\"description\":\"\",\"potentialAction\":[{\"@type\":\"SearchAction\",\"target\":{\"@type\":\"EntryPoint\",\"urlTemplate\":\"https:\\\/\\\/bseendustriyel.com\\\/?s={search_term_string}\"},\"query-input\":{\"@type\":\"PropertyValueSpecification\",\"valueRequired\":true,\"valueName\":\"search_term_string\"}}],\"inLanguage\":\"tr\"}]}<\/script>\n<!-- \/ Yoast SEO Premium plugin. -->","yoast_head_json":{"title":"Cortex Pink - BSE Endusriyel Tedarik","description":"Pembe renkli ho\u015f kokulu el ve v\u00fccut temizleme s\u0131v\u0131s\u0131. Kremlendirici katk\u0131lar i\u00e7erir; elleri ve v\u00fccudu nazik\u00e7e temizleyip p\u00fcr\u00fczs\u00fcz b\u0131rak\u0131r. Eko-Kim'den sipari...","robots":{"index":"index","follow":"follow","max-snippet":"max-snippet:-1","max-image-preview":"max-image-preview:large","max-video-preview":"max-video-preview:-1"},"canonical":"https:\/\/bseendustriyel.com\/?product=cortex-pink","og_locale":"tr_TR","og_type":"article","og_title":"Cortex Pink","og_description":"Pembe renkli ho\u015f kokulu el ve v\u00fccut temizleme s\u0131v\u0131s\u0131. Kremlendirici katk\u0131lar i\u00e7erir; elleri ve v\u00fccudu nazik\u00e7e temizleyip p\u00fcr\u00fczs\u00fcz b\u0131rak\u0131r. Eko-Kim'den sipari...","og_url":"https:\/\/bseendustriyel.com\/?product=cortex-pink","og_site_name":"BSE Endusriyel Tedarik","article_modified_time":"2026-03-16T19:43:14+00:00","og_image":[{"width":1000,"height":1000,"url":"https:\/\/bseendustriyel.com\/wp-content\/uploads\/2026\/03\/513-cortex-pink-kisisel-hijyen-bakim-801.jpg","type":"image\/jpeg"}],"twitter_card":"summary_large_image","schema":{"@context":"https:\/\/schema.org","@graph":[{"@type":"WebPage","@id":"https:\/\/bseendustriyel.com\/?product=cortex-pink","url":"https:\/\/bseendustriyel.com\/?product=cortex-pink","name":"Cortex Pink - BSE Endusriyel Tedarik","isPartOf":{"@id":"https:\/\/bseendustriyel.com\/#website"},"primaryImageOfPage":{"@id":"https:\/\/bseendustriyel.com\/?product=cortex-pink#primaryimage"},"image":{"@id":"https:\/\/bseendustriyel.com\/?product=cortex-pink#primaryimage"},"thumbnailUrl":"https:\/\/bseendustriyel.com\/wp-content\/uploads\/2026\/03\/513-cortex-pink-kisisel-hijyen-bakim-801.jpg","datePublished":"2026-03-16T14:07:33+00:00","dateModified":"2026-03-16T19:43:14+00:00","description":"Pembe renkli ho\u015f kokulu el ve v\u00fccut temizleme s\u0131v\u0131s\u0131. Kremlendirici katk\u0131lar i\u00e7erir; elleri ve v\u00fccudu nazik\u00e7e temizleyip p\u00fcr\u00fczs\u00fcz b\u0131rak\u0131r. Eko-Kim'den sipari...","breadcrumb":{"@id":"https:\/\/bseendustriyel.com\/?product=cortex-pink#breadcrumb"},"inLanguage":"tr","potentialAction":[{"@type":"ReadAction","target":["https:\/\/bseendustriyel.com\/?product=cortex-pink"]}]},{"@type":"ImageObject","inLanguage":"tr","@id":"https:\/\/bseendustriyel.com\/?product=cortex-pink#primaryimage","url":"https:\/\/bseendustriyel.com\/wp-content\/uploads\/2026\/03\/513-cortex-pink-kisisel-hijyen-bakim-801.jpg","contentUrl":"https:\/\/bseendustriyel.com\/wp-content\/uploads\/2026\/03\/513-cortex-pink-kisisel-hijyen-bakim-801.jpg","width":1000,"height":1000},{"@type":"BreadcrumbList","@id":"https:\/\/bseendustriyel.com\/?product=cortex-pink#breadcrumb","itemListElement":[{"@type":"ListItem","position":1,"name":"Anasayfa","item":"https:\/\/bseendustriyel.com\/"},{"@type":"ListItem","position":2,"name":"Shop","item":"https:\/\/bseendustriyel.com\/?page_id=24"},{"@type":"ListItem","position":3,"name":"Cortex Pink"}]},{"@type":"WebSite","@id":"https:\/\/bseendustriyel.com\/#website","url":"https:\/\/bseendustriyel.com\/","name":"BSE Endusriyel Tedarik","description":"","potentialAction":[{"@type":"SearchAction","target":{"@type":"EntryPoint","urlTemplate":"https:\/\/bseendustriyel.com\/?s={search_term_string}"},"query-input":{"@type":"PropertyValueSpecification","valueRequired":true,"valueName":"search_term_string"}}],"inLanguage":"tr"}]}},"_links":{"self":[{"href":"https:\/\/bseendustriyel.com\/index.php?rest_route=\/wp\/v2\/product\/760","targetHints":{"allow":["GET"]}}],"collection":[{"href":"https:\/\/bseendustriyel.com\/index.php?rest_route=\/wp\/v2\/product"}],"about":[{"href":"https:\/\/bseendustriyel.com\/index.php?rest_route=\/wp\/v2\/types\/product"}],"replies":[{"embeddable":true,"href":"https:\/\/bseendustriyel.com\/index.php?rest_route=%2Fwp%2Fv2%2Fcomments&post=760"}],"wp:featuredmedia":[{"embeddable":true,"href":"https:\/\/bseendustriyel.com\/index.php?rest_route=\/wp\/v2\/media\/310"}],"wp:attachment":[{"href":"https:\/\/bseendustriyel.com\/index.php?rest_route=%2Fwp%2Fv2%2Fmedia&parent=760"}],"wp:term":[{"taxonomy":"product_brand","embeddable":true,"href":"https:\/\/bseendustriyel.com\/index.php?rest_route=%2Fwp%2Fv2%2Fproduct_brand&post=760"},{"taxonomy":"product_cat","embeddable":true,"href":"https:\/\/bseendustriyel.com\/index.php?rest_route=%2Fwp%2Fv2%2Fproduct_cat&post=760"},{"taxonomy":"product_tag","embeddable":true,"href":"https:\/\/bseendustriyel.com\/index.php?rest_route=%2Fwp%2Fv2%2Fproduct_tag&post=760"}],"curies":[{"name":"wp","href":"https:\/\/api.w.org\/{rel}","templated":true}]}}