{"id":781,"date":"2026-03-16T14:07:56","date_gmt":"2026-03-16T14:07:56","guid":{"rendered":"https:\/\/bseendustriyel.com\/product\/bemol-clor\/"},"modified":"2026-03-16T19:43:34","modified_gmt":"2026-03-16T19:43:34","slug":"bemol-clor","status":"publish","type":"product","link":"https:\/\/bseendustriyel.com\/?product=bemol-clor","title":{"rendered":"Bemol Clor"},"content":{"rendered":"<p>\u00c7ama\u015f\u0131r suyu ve a\u011fart\u0131c\u0131. Beyaz \u00e7ama\u015f\u0131rlar\u0131 parlat\u0131r, leke ve bakteri\/vir\u00fcsleri etkisiz k\u0131lar; ekonomik b\u00fcy\u00fck hacimli ambalajlarda sunulur.<\/p>\n<p>30kg, 5kg, 1000ml<\/p>\n","protected":false},"excerpt":{"rendered":"<p>\u00c7ama\u015f\u0131r suyu ve a\u011fart\u0131c\u0131. Beyaz \u00e7ama\u015f\u0131rlar\u0131 parlat\u0131r, leke ve bakteri\/vir\u00fcsleri etkisiz k\u0131lar; ekonomik b\u00fcy\u00fck hacimli ambalajlarda sunulur.<\/p>\n","protected":false},"featured_media":349,"comment_status":"closed","ping_status":"open","template":"","meta":[],"product_brand":[],"product_cat":[201,206,44],"product_tag":[],"class_list":{"0":"post-781","1":"product","2":"type-product","3":"status-publish","4":"has-post-thumbnail","6":"product_cat-bemol-balins-cortex-end","7":"product_cat-camasirhane-urunleri","8":"product_cat-temizlik-kimyasallari","10":"first","11":"instock","12":"product-type-simple"},"yoast_head":"<!-- This site is optimized with the Yoast SEO Premium plugin v27.1 (Yoast SEO v27.4) - https:\/\/yoast.com\/product\/yoast-seo-premium-wordpress\/ -->\n<title>Bemol Clor - BSE Endusriyel Tedarik<\/title>\n<meta name=\"description\" content=\"\u00c7ama\u015f\u0131r suyu ve a\u011fart\u0131c\u0131. Beyaz \u00e7ama\u015f\u0131rlar\u0131 parlat\u0131r, leke ve bakteri\/vir\u00fcsleri etkisiz k\u0131lar; ekonomik b\u00fcy\u00fck hacimli ambalajlarda sunulur. Eko-Kim&#039;den sipar...\" \/>\n<meta name=\"robots\" content=\"index, follow, max-snippet:-1, max-image-preview:large, max-video-preview:-1\" \/>\n<link rel=\"canonical\" href=\"https:\/\/bseendustriyel.com\/?product=bemol-clor\" \/>\n<meta property=\"og:locale\" content=\"tr_TR\" \/>\n<meta property=\"og:type\" content=\"article\" \/>\n<meta property=\"og:title\" content=\"Bemol Clor\" \/>\n<meta property=\"og:description\" content=\"\u00c7ama\u015f\u0131r suyu ve a\u011fart\u0131c\u0131. Beyaz \u00e7ama\u015f\u0131rlar\u0131 parlat\u0131r, leke ve bakteri\/vir\u00fcsleri etkisiz k\u0131lar; ekonomik b\u00fcy\u00fck hacimli ambalajlarda sunulur. Eko-Kim&#039;den sipar...\" \/>\n<meta property=\"og:url\" content=\"https:\/\/bseendustriyel.com\/?product=bemol-clor\" \/>\n<meta property=\"og:site_name\" content=\"BSE Endusriyel Tedarik\" \/>\n<meta property=\"article:modified_time\" content=\"2026-03-16T19:43:34+00:00\" \/>\n<meta property=\"og:image\" content=\"https:\/\/bseendustriyel.com\/wp-content\/uploads\/2026\/03\/320-bemol-clor-camasirhane-urunleri-451.jpg\" \/>\n\t<meta property=\"og:image:width\" content=\"1000\" \/>\n\t<meta property=\"og:image:height\" content=\"1000\" \/>\n\t<meta property=\"og:image:type\" content=\"image\/jpeg\" \/>\n<meta name=\"twitter:card\" content=\"summary_large_image\" \/>\n<script type=\"application\/ld+json\" class=\"yoast-schema-graph\">{\"@context\":\"https:\\\/\\\/schema.org\",\"@graph\":[{\"@type\":\"WebPage\",\"@id\":\"https:\\\/\\\/bseendustriyel.com\\\/?product=bemol-clor\",\"url\":\"https:\\\/\\\/bseendustriyel.com\\\/?product=bemol-clor\",\"name\":\"Bemol Clor - BSE Endusriyel Tedarik\",\"isPartOf\":{\"@id\":\"https:\\\/\\\/bseendustriyel.com\\\/#website\"},\"primaryImageOfPage\":{\"@id\":\"https:\\\/\\\/bseendustriyel.com\\\/?product=bemol-clor#primaryimage\"},\"image\":{\"@id\":\"https:\\\/\\\/bseendustriyel.com\\\/?product=bemol-clor#primaryimage\"},\"thumbnailUrl\":\"https:\\\/\\\/bseendustriyel.com\\\/wp-content\\\/uploads\\\/2026\\\/03\\\/320-bemol-clor-camasirhane-urunleri-451.jpg\",\"datePublished\":\"2026-03-16T14:07:56+00:00\",\"dateModified\":\"2026-03-16T19:43:34+00:00\",\"description\":\"\u00c7ama\u015f\u0131r suyu ve a\u011fart\u0131c\u0131. Beyaz \u00e7ama\u015f\u0131rlar\u0131 parlat\u0131r, leke ve bakteri\\\/vir\u00fcsleri etkisiz k\u0131lar; ekonomik b\u00fcy\u00fck hacimli ambalajlarda sunulur. Eko-Kim'den sipar...\",\"breadcrumb\":{\"@id\":\"https:\\\/\\\/bseendustriyel.com\\\/?product=bemol-clor#breadcrumb\"},\"inLanguage\":\"tr\",\"potentialAction\":[{\"@type\":\"ReadAction\",\"target\":[\"https:\\\/\\\/bseendustriyel.com\\\/?product=bemol-clor\"]}]},{\"@type\":\"ImageObject\",\"inLanguage\":\"tr\",\"@id\":\"https:\\\/\\\/bseendustriyel.com\\\/?product=bemol-clor#primaryimage\",\"url\":\"https:\\\/\\\/bseendustriyel.com\\\/wp-content\\\/uploads\\\/2026\\\/03\\\/320-bemol-clor-camasirhane-urunleri-451.jpg\",\"contentUrl\":\"https:\\\/\\\/bseendustriyel.com\\\/wp-content\\\/uploads\\\/2026\\\/03\\\/320-bemol-clor-camasirhane-urunleri-451.jpg\",\"width\":1000,\"height\":1000},{\"@type\":\"BreadcrumbList\",\"@id\":\"https:\\\/\\\/bseendustriyel.com\\\/?product=bemol-clor#breadcrumb\",\"itemListElement\":[{\"@type\":\"ListItem\",\"position\":1,\"name\":\"Anasayfa\",\"item\":\"https:\\\/\\\/bseendustriyel.com\\\/\"},{\"@type\":\"ListItem\",\"position\":2,\"name\":\"Shop\",\"item\":\"https:\\\/\\\/bseendustriyel.com\\\/?page_id=24\"},{\"@type\":\"ListItem\",\"position\":3,\"name\":\"Bemol Clor\"}]},{\"@type\":\"WebSite\",\"@id\":\"https:\\\/\\\/bseendustriyel.com\\\/#website\",\"url\":\"https:\\\/\\\/bseendustriyel.com\\\/\",\"name\":\"BSE Endusriyel Tedarik\",\"description\":\"\",\"potentialAction\":[{\"@type\":\"SearchAction\",\"target\":{\"@type\":\"EntryPoint\",\"urlTemplate\":\"https:\\\/\\\/bseendustriyel.com\\\/?s={search_term_string}\"},\"query-input\":{\"@type\":\"PropertyValueSpecification\",\"valueRequired\":true,\"valueName\":\"search_term_string\"}}],\"inLanguage\":\"tr\"}]}<\/script>\n<!-- \/ Yoast SEO Premium plugin. -->","yoast_head_json":{"title":"Bemol Clor - BSE Endusriyel Tedarik","description":"\u00c7ama\u015f\u0131r suyu ve a\u011fart\u0131c\u0131. Beyaz \u00e7ama\u015f\u0131rlar\u0131 parlat\u0131r, leke ve bakteri\/vir\u00fcsleri etkisiz k\u0131lar; ekonomik b\u00fcy\u00fck hacimli ambalajlarda sunulur. Eko-Kim'den sipar...","robots":{"index":"index","follow":"follow","max-snippet":"max-snippet:-1","max-image-preview":"max-image-preview:large","max-video-preview":"max-video-preview:-1"},"canonical":"https:\/\/bseendustriyel.com\/?product=bemol-clor","og_locale":"tr_TR","og_type":"article","og_title":"Bemol Clor","og_description":"\u00c7ama\u015f\u0131r suyu ve a\u011fart\u0131c\u0131. Beyaz \u00e7ama\u015f\u0131rlar\u0131 parlat\u0131r, leke ve bakteri\/vir\u00fcsleri etkisiz k\u0131lar; ekonomik b\u00fcy\u00fck hacimli ambalajlarda sunulur. Eko-Kim'den sipar...","og_url":"https:\/\/bseendustriyel.com\/?product=bemol-clor","og_site_name":"BSE Endusriyel Tedarik","article_modified_time":"2026-03-16T19:43:34+00:00","og_image":[{"width":1000,"height":1000,"url":"https:\/\/bseendustriyel.com\/wp-content\/uploads\/2026\/03\/320-bemol-clor-camasirhane-urunleri-451.jpg","type":"image\/jpeg"}],"twitter_card":"summary_large_image","schema":{"@context":"https:\/\/schema.org","@graph":[{"@type":"WebPage","@id":"https:\/\/bseendustriyel.com\/?product=bemol-clor","url":"https:\/\/bseendustriyel.com\/?product=bemol-clor","name":"Bemol Clor - BSE Endusriyel Tedarik","isPartOf":{"@id":"https:\/\/bseendustriyel.com\/#website"},"primaryImageOfPage":{"@id":"https:\/\/bseendustriyel.com\/?product=bemol-clor#primaryimage"},"image":{"@id":"https:\/\/bseendustriyel.com\/?product=bemol-clor#primaryimage"},"thumbnailUrl":"https:\/\/bseendustriyel.com\/wp-content\/uploads\/2026\/03\/320-bemol-clor-camasirhane-urunleri-451.jpg","datePublished":"2026-03-16T14:07:56+00:00","dateModified":"2026-03-16T19:43:34+00:00","description":"\u00c7ama\u015f\u0131r suyu ve a\u011fart\u0131c\u0131. Beyaz \u00e7ama\u015f\u0131rlar\u0131 parlat\u0131r, leke ve bakteri\/vir\u00fcsleri etkisiz k\u0131lar; ekonomik b\u00fcy\u00fck hacimli ambalajlarda sunulur. Eko-Kim'den sipar...","breadcrumb":{"@id":"https:\/\/bseendustriyel.com\/?product=bemol-clor#breadcrumb"},"inLanguage":"tr","potentialAction":[{"@type":"ReadAction","target":["https:\/\/bseendustriyel.com\/?product=bemol-clor"]}]},{"@type":"ImageObject","inLanguage":"tr","@id":"https:\/\/bseendustriyel.com\/?product=bemol-clor#primaryimage","url":"https:\/\/bseendustriyel.com\/wp-content\/uploads\/2026\/03\/320-bemol-clor-camasirhane-urunleri-451.jpg","contentUrl":"https:\/\/bseendustriyel.com\/wp-content\/uploads\/2026\/03\/320-bemol-clor-camasirhane-urunleri-451.jpg","width":1000,"height":1000},{"@type":"BreadcrumbList","@id":"https:\/\/bseendustriyel.com\/?product=bemol-clor#breadcrumb","itemListElement":[{"@type":"ListItem","position":1,"name":"Anasayfa","item":"https:\/\/bseendustriyel.com\/"},{"@type":"ListItem","position":2,"name":"Shop","item":"https:\/\/bseendustriyel.com\/?page_id=24"},{"@type":"ListItem","position":3,"name":"Bemol Clor"}]},{"@type":"WebSite","@id":"https:\/\/bseendustriyel.com\/#website","url":"https:\/\/bseendustriyel.com\/","name":"BSE Endusriyel Tedarik","description":"","potentialAction":[{"@type":"SearchAction","target":{"@type":"EntryPoint","urlTemplate":"https:\/\/bseendustriyel.com\/?s={search_term_string}"},"query-input":{"@type":"PropertyValueSpecification","valueRequired":true,"valueName":"search_term_string"}}],"inLanguage":"tr"}]}},"_links":{"self":[{"href":"https:\/\/bseendustriyel.com\/index.php?rest_route=\/wp\/v2\/product\/781","targetHints":{"allow":["GET"]}}],"collection":[{"href":"https:\/\/bseendustriyel.com\/index.php?rest_route=\/wp\/v2\/product"}],"about":[{"href":"https:\/\/bseendustriyel.com\/index.php?rest_route=\/wp\/v2\/types\/product"}],"replies":[{"embeddable":true,"href":"https:\/\/bseendustriyel.com\/index.php?rest_route=%2Fwp%2Fv2%2Fcomments&post=781"}],"wp:featuredmedia":[{"embeddable":true,"href":"https:\/\/bseendustriyel.com\/index.php?rest_route=\/wp\/v2\/media\/349"}],"wp:attachment":[{"href":"https:\/\/bseendustriyel.com\/index.php?rest_route=%2Fwp%2Fv2%2Fmedia&parent=781"}],"wp:term":[{"taxonomy":"product_brand","embeddable":true,"href":"https:\/\/bseendustriyel.com\/index.php?rest_route=%2Fwp%2Fv2%2Fproduct_brand&post=781"},{"taxonomy":"product_cat","embeddable":true,"href":"https:\/\/bseendustriyel.com\/index.php?rest_route=%2Fwp%2Fv2%2Fproduct_cat&post=781"},{"taxonomy":"product_tag","embeddable":true,"href":"https:\/\/bseendustriyel.com\/index.php?rest_route=%2Fwp%2Fv2%2Fproduct_tag&post=781"}],"curies":[{"name":"wp","href":"https:\/\/api.w.org\/{rel}","templated":true}]}}