{"id":789,"date":"2026-03-16T14:07:56","date_gmt":"2026-03-16T14:07:56","guid":{"rendered":"https:\/\/bseendustriyel.com\/product\/cortex-oda-parfumu-rose-secret\/"},"modified":"2026-03-16T19:43:39","modified_gmt":"2026-03-16T19:43:39","slug":"cortex-oda-parfumu-rose-secret","status":"publish","type":"product","link":"https:\/\/bseendustriyel.com\/?product=cortex-oda-parfumu-rose-secret","title":{"rendered":"Cortex Oda Parf\u00fcm\u00fc, Rose Secret"},"content":{"rendered":"<p>Oda ve \u00e7ama\u015f\u0131r i\u00e7in konsantre oda parf\u00fcm\u00fc. Mek\u00e2nlara veya \u00e7ama\u015f\u0131rlara uyguland\u0131\u011f\u0131nda uzun s\u00fcreli ho\u015f koku b\u0131rak\u0131r; farkl\u0131 aroma se\u00e7enekleriyle ki\u015fisel zevke uyarlanabilir.<\/p>\n<p>500gr<\/p>\n","protected":false},"excerpt":{"rendered":"<p>Oda ve \u00e7ama\u015f\u0131r i\u00e7in konsantre oda parf\u00fcm\u00fc. Mek\u00e2nlara veya \u00e7ama\u015f\u0131rlara uyguland\u0131\u011f\u0131nda uzun s\u00fcreli ho\u015f koku b\u0131rak\u0131r; farkl\u0131 aroma se\u00e7enekleriyle ki\u015fisel zevke uyarlanabilir.<\/p>\n","protected":false},"featured_media":0,"comment_status":"closed","ping_status":"open","template":"","meta":[],"product_brand":[],"product_cat":[201,206,44],"product_tag":[],"class_list":{"0":"post-789","1":"product","2":"type-product","3":"status-publish","5":"product_cat-bemol-balins-cortex-end","6":"product_cat-camasirhane-urunleri","7":"product_cat-temizlik-kimyasallari","9":"first","10":"instock","11":"product-type-simple"},"yoast_head":"<!-- This site is optimized with the Yoast SEO Premium plugin v27.1 (Yoast SEO v27.4) - https:\/\/yoast.com\/product\/yoast-seo-premium-wordpress\/ -->\n<title>Cortex Oda Parf\u00fcm\u00fc, Rose Secret - BSE Endusriyel Tedarik<\/title>\n<meta name=\"description\" content=\"Oda ve \u00e7ama\u015f\u0131r i\u00e7in konsantre oda parf\u00fcm\u00fc. Mek\u00e2nlara veya \u00e7ama\u015f\u0131rlara uyguland\u0131\u011f\u0131nda uzun s\u00fcreli ho\u015f koku b\u0131rak\u0131r; farkl\u0131 aroma se\u00e7enekleriyle ki\u015fisel zevke ...\" \/>\n<meta name=\"robots\" content=\"index, follow, max-snippet:-1, max-image-preview:large, max-video-preview:-1\" \/>\n<link rel=\"canonical\" href=\"https:\/\/bseendustriyel.com\/?product=cortex-oda-parfumu-rose-secret\" \/>\n<meta property=\"og:locale\" content=\"tr_TR\" \/>\n<meta property=\"og:type\" content=\"article\" \/>\n<meta property=\"og:title\" content=\"Cortex Oda Parf\u00fcm\u00fc, Rose Secret\" \/>\n<meta property=\"og:description\" content=\"Oda ve \u00e7ama\u015f\u0131r i\u00e7in konsantre oda parf\u00fcm\u00fc. Mek\u00e2nlara veya \u00e7ama\u015f\u0131rlara uyguland\u0131\u011f\u0131nda uzun s\u00fcreli ho\u015f koku b\u0131rak\u0131r; farkl\u0131 aroma se\u00e7enekleriyle ki\u015fisel zevke ...\" \/>\n<meta property=\"og:url\" content=\"https:\/\/bseendustriyel.com\/?product=cortex-oda-parfumu-rose-secret\" \/>\n<meta property=\"og:site_name\" content=\"BSE Endusriyel Tedarik\" \/>\n<meta property=\"article:modified_time\" content=\"2026-03-16T19:43:39+00:00\" \/>\n<meta name=\"twitter:card\" content=\"summary_large_image\" \/>\n<script type=\"application\/ld+json\" class=\"yoast-schema-graph\">{\"@context\":\"https:\\\/\\\/schema.org\",\"@graph\":[{\"@type\":\"WebPage\",\"@id\":\"https:\\\/\\\/bseendustriyel.com\\\/?product=cortex-oda-parfumu-rose-secret\",\"url\":\"https:\\\/\\\/bseendustriyel.com\\\/?product=cortex-oda-parfumu-rose-secret\",\"name\":\"Cortex Oda Parf\u00fcm\u00fc, Rose Secret - BSE Endusriyel Tedarik\",\"isPartOf\":{\"@id\":\"https:\\\/\\\/bseendustriyel.com\\\/#website\"},\"datePublished\":\"2026-03-16T14:07:56+00:00\",\"dateModified\":\"2026-03-16T19:43:39+00:00\",\"description\":\"Oda ve \u00e7ama\u015f\u0131r i\u00e7in konsantre oda parf\u00fcm\u00fc. Mek\u00e2nlara veya \u00e7ama\u015f\u0131rlara uyguland\u0131\u011f\u0131nda uzun s\u00fcreli ho\u015f koku b\u0131rak\u0131r; farkl\u0131 aroma se\u00e7enekleriyle ki\u015fisel zevke ...\",\"breadcrumb\":{\"@id\":\"https:\\\/\\\/bseendustriyel.com\\\/?product=cortex-oda-parfumu-rose-secret#breadcrumb\"},\"inLanguage\":\"tr\",\"potentialAction\":[{\"@type\":\"ReadAction\",\"target\":[\"https:\\\/\\\/bseendustriyel.com\\\/?product=cortex-oda-parfumu-rose-secret\"]}]},{\"@type\":\"BreadcrumbList\",\"@id\":\"https:\\\/\\\/bseendustriyel.com\\\/?product=cortex-oda-parfumu-rose-secret#breadcrumb\",\"itemListElement\":[{\"@type\":\"ListItem\",\"position\":1,\"name\":\"Anasayfa\",\"item\":\"https:\\\/\\\/bseendustriyel.com\\\/\"},{\"@type\":\"ListItem\",\"position\":2,\"name\":\"Shop\",\"item\":\"https:\\\/\\\/bseendustriyel.com\\\/?page_id=24\"},{\"@type\":\"ListItem\",\"position\":3,\"name\":\"Cortex Oda Parf\u00fcm\u00fc, Rose Secret\"}]},{\"@type\":\"WebSite\",\"@id\":\"https:\\\/\\\/bseendustriyel.com\\\/#website\",\"url\":\"https:\\\/\\\/bseendustriyel.com\\\/\",\"name\":\"BSE Endusriyel Tedarik\",\"description\":\"\",\"potentialAction\":[{\"@type\":\"SearchAction\",\"target\":{\"@type\":\"EntryPoint\",\"urlTemplate\":\"https:\\\/\\\/bseendustriyel.com\\\/?s={search_term_string}\"},\"query-input\":{\"@type\":\"PropertyValueSpecification\",\"valueRequired\":true,\"valueName\":\"search_term_string\"}}],\"inLanguage\":\"tr\"}]}<\/script>\n<!-- \/ Yoast SEO Premium plugin. -->","yoast_head_json":{"title":"Cortex Oda Parf\u00fcm\u00fc, Rose Secret - BSE Endusriyel Tedarik","description":"Oda ve \u00e7ama\u015f\u0131r i\u00e7in konsantre oda parf\u00fcm\u00fc. Mek\u00e2nlara veya \u00e7ama\u015f\u0131rlara uyguland\u0131\u011f\u0131nda uzun s\u00fcreli ho\u015f koku b\u0131rak\u0131r; farkl\u0131 aroma se\u00e7enekleriyle ki\u015fisel zevke ...","robots":{"index":"index","follow":"follow","max-snippet":"max-snippet:-1","max-image-preview":"max-image-preview:large","max-video-preview":"max-video-preview:-1"},"canonical":"https:\/\/bseendustriyel.com\/?product=cortex-oda-parfumu-rose-secret","og_locale":"tr_TR","og_type":"article","og_title":"Cortex Oda Parf\u00fcm\u00fc, Rose Secret","og_description":"Oda ve \u00e7ama\u015f\u0131r i\u00e7in konsantre oda parf\u00fcm\u00fc. Mek\u00e2nlara veya \u00e7ama\u015f\u0131rlara uyguland\u0131\u011f\u0131nda uzun s\u00fcreli ho\u015f koku b\u0131rak\u0131r; farkl\u0131 aroma se\u00e7enekleriyle ki\u015fisel zevke ...","og_url":"https:\/\/bseendustriyel.com\/?product=cortex-oda-parfumu-rose-secret","og_site_name":"BSE Endusriyel Tedarik","article_modified_time":"2026-03-16T19:43:39+00:00","twitter_card":"summary_large_image","schema":{"@context":"https:\/\/schema.org","@graph":[{"@type":"WebPage","@id":"https:\/\/bseendustriyel.com\/?product=cortex-oda-parfumu-rose-secret","url":"https:\/\/bseendustriyel.com\/?product=cortex-oda-parfumu-rose-secret","name":"Cortex Oda Parf\u00fcm\u00fc, Rose Secret - BSE Endusriyel Tedarik","isPartOf":{"@id":"https:\/\/bseendustriyel.com\/#website"},"datePublished":"2026-03-16T14:07:56+00:00","dateModified":"2026-03-16T19:43:39+00:00","description":"Oda ve \u00e7ama\u015f\u0131r i\u00e7in konsantre oda parf\u00fcm\u00fc. Mek\u00e2nlara veya \u00e7ama\u015f\u0131rlara uyguland\u0131\u011f\u0131nda uzun s\u00fcreli ho\u015f koku b\u0131rak\u0131r; farkl\u0131 aroma se\u00e7enekleriyle ki\u015fisel zevke ...","breadcrumb":{"@id":"https:\/\/bseendustriyel.com\/?product=cortex-oda-parfumu-rose-secret#breadcrumb"},"inLanguage":"tr","potentialAction":[{"@type":"ReadAction","target":["https:\/\/bseendustriyel.com\/?product=cortex-oda-parfumu-rose-secret"]}]},{"@type":"BreadcrumbList","@id":"https:\/\/bseendustriyel.com\/?product=cortex-oda-parfumu-rose-secret#breadcrumb","itemListElement":[{"@type":"ListItem","position":1,"name":"Anasayfa","item":"https:\/\/bseendustriyel.com\/"},{"@type":"ListItem","position":2,"name":"Shop","item":"https:\/\/bseendustriyel.com\/?page_id=24"},{"@type":"ListItem","position":3,"name":"Cortex Oda Parf\u00fcm\u00fc, Rose Secret"}]},{"@type":"WebSite","@id":"https:\/\/bseendustriyel.com\/#website","url":"https:\/\/bseendustriyel.com\/","name":"BSE Endusriyel Tedarik","description":"","potentialAction":[{"@type":"SearchAction","target":{"@type":"EntryPoint","urlTemplate":"https:\/\/bseendustriyel.com\/?s={search_term_string}"},"query-input":{"@type":"PropertyValueSpecification","valueRequired":true,"valueName":"search_term_string"}}],"inLanguage":"tr"}]}},"_links":{"self":[{"href":"https:\/\/bseendustriyel.com\/index.php?rest_route=\/wp\/v2\/product\/789","targetHints":{"allow":["GET"]}}],"collection":[{"href":"https:\/\/bseendustriyel.com\/index.php?rest_route=\/wp\/v2\/product"}],"about":[{"href":"https:\/\/bseendustriyel.com\/index.php?rest_route=\/wp\/v2\/types\/product"}],"replies":[{"embeddable":true,"href":"https:\/\/bseendustriyel.com\/index.php?rest_route=%2Fwp%2Fv2%2Fcomments&post=789"}],"wp:attachment":[{"href":"https:\/\/bseendustriyel.com\/index.php?rest_route=%2Fwp%2Fv2%2Fmedia&parent=789"}],"wp:term":[{"taxonomy":"product_brand","embeddable":true,"href":"https:\/\/bseendustriyel.com\/index.php?rest_route=%2Fwp%2Fv2%2Fproduct_brand&post=789"},{"taxonomy":"product_cat","embeddable":true,"href":"https:\/\/bseendustriyel.com\/index.php?rest_route=%2Fwp%2Fv2%2Fproduct_cat&post=789"},{"taxonomy":"product_tag","embeddable":true,"href":"https:\/\/bseendustriyel.com\/index.php?rest_route=%2Fwp%2Fv2%2Fproduct_tag&post=789"}],"curies":[{"name":"wp","href":"https:\/\/api.w.org\/{rel}","templated":true}]}}