{"id":843,"date":"2026-03-16T14:08:56","date_gmt":"2026-03-16T14:08:56","guid":{"rendered":"https:\/\/bseendustriyel.com\/product\/wc-jel-camasir-suyu-okyanus-ferahligi\/"},"modified":"2026-03-16T19:44:20","modified_gmt":"2026-03-16T19:44:20","slug":"wc-jel-camasir-suyu-okyanus-ferahligi","status":"publish","type":"product","link":"https:\/\/bseendustriyel.com\/?product=wc-jel-camasir-suyu-okyanus-ferahligi","title":{"rendered":"WC Jel \u00c7ama\u015f\u0131r Suyu, Okyanus Ferahl\u0131\u011f\u0131"},"content":{"rendered":"<p>\u00c7ok ama\u00e7l\u0131 \u00e7ama\u015f\u0131r suyu ve y\u00fczey dezenfektan\u0131. Beyaz \u00e7ama\u015f\u0131rlar\u0131 parlat\u0131r; banyo, mutfak ve tuvalet y\u00fczeylerini dezenfekte eder.<\/p>\n<p>750ml<\/p>\n","protected":false},"excerpt":{"rendered":"<p>\u00c7ok ama\u00e7l\u0131 \u00e7ama\u015f\u0131r suyu ve y\u00fczey dezenfektan\u0131. Beyaz \u00e7ama\u015f\u0131rlar\u0131 parlat\u0131r; banyo, mutfak ve tuvalet y\u00fczeylerini dezenfekte eder.<\/p>\n","protected":false},"featured_media":467,"comment_status":"closed","ping_status":"open","template":"","meta":[],"product_brand":[],"product_cat":[207,44,211],"product_tag":[],"class_list":{"0":"post-843","1":"product","2":"type-product","3":"status-publish","4":"has-post-thumbnail","6":"product_cat-cortex","7":"product_cat-temizlik-kimyasallari","8":"product_cat-yuzey-hijyen-bakimi","10":"first","11":"instock","12":"product-type-simple"},"yoast_head":"<!-- This site is optimized with the Yoast SEO Premium plugin v27.1 (Yoast SEO v27.4) - https:\/\/yoast.com\/product\/yoast-seo-premium-wordpress\/ -->\n<title>WC Jel \u00c7ama\u015f\u0131r Suyu, Okyanus Ferahl\u0131\u011f\u0131 - BSE Endusriyel Tedarik<\/title>\n<meta name=\"description\" content=\"\u00c7ok ama\u00e7l\u0131 \u00e7ama\u015f\u0131r suyu ve y\u00fczey dezenfektan\u0131. Beyaz \u00e7ama\u015f\u0131rlar\u0131 parlat\u0131r; banyo, mutfak ve tuvalet y\u00fczeylerini dezenfekte eder. Eko-Kim&#039;den sipari\u015f verin.\" \/>\n<meta name=\"robots\" content=\"index, follow, max-snippet:-1, max-image-preview:large, max-video-preview:-1\" \/>\n<link rel=\"canonical\" href=\"https:\/\/bseendustriyel.com\/?product=wc-jel-camasir-suyu-okyanus-ferahligi\" \/>\n<meta property=\"og:locale\" content=\"tr_TR\" \/>\n<meta property=\"og:type\" content=\"article\" \/>\n<meta property=\"og:title\" content=\"WC Jel \u00c7ama\u015f\u0131r Suyu, Okyanus Ferahl\u0131\u011f\u0131\" \/>\n<meta property=\"og:description\" content=\"\u00c7ok ama\u00e7l\u0131 \u00e7ama\u015f\u0131r suyu ve y\u00fczey dezenfektan\u0131. Beyaz \u00e7ama\u015f\u0131rlar\u0131 parlat\u0131r; banyo, mutfak ve tuvalet y\u00fczeylerini dezenfekte eder. Eko-Kim&#039;den sipari\u015f verin.\" \/>\n<meta property=\"og:url\" content=\"https:\/\/bseendustriyel.com\/?product=wc-jel-camasir-suyu-okyanus-ferahligi\" \/>\n<meta property=\"og:site_name\" content=\"BSE Endusriyel Tedarik\" \/>\n<meta property=\"article:modified_time\" content=\"2026-03-16T19:44:20+00:00\" \/>\n<meta property=\"og:image\" content=\"https:\/\/bseendustriyel.com\/wp-content\/uploads\/2026\/03\/cortex-184-wc-jel-camasir-suyu-okyanus-ferahligi.jpg\" \/>\n\t<meta property=\"og:image:width\" content=\"450\" \/>\n\t<meta property=\"og:image:height\" content=\"450\" \/>\n\t<meta property=\"og:image:type\" content=\"image\/jpeg\" \/>\n<meta name=\"twitter:card\" content=\"summary_large_image\" \/>\n<script type=\"application\/ld+json\" class=\"yoast-schema-graph\">{\"@context\":\"https:\\\/\\\/schema.org\",\"@graph\":[{\"@type\":\"WebPage\",\"@id\":\"https:\\\/\\\/bseendustriyel.com\\\/?product=wc-jel-camasir-suyu-okyanus-ferahligi\",\"url\":\"https:\\\/\\\/bseendustriyel.com\\\/?product=wc-jel-camasir-suyu-okyanus-ferahligi\",\"name\":\"WC Jel \u00c7ama\u015f\u0131r Suyu, Okyanus Ferahl\u0131\u011f\u0131 - BSE Endusriyel Tedarik\",\"isPartOf\":{\"@id\":\"https:\\\/\\\/bseendustriyel.com\\\/#website\"},\"primaryImageOfPage\":{\"@id\":\"https:\\\/\\\/bseendustriyel.com\\\/?product=wc-jel-camasir-suyu-okyanus-ferahligi#primaryimage\"},\"image\":{\"@id\":\"https:\\\/\\\/bseendustriyel.com\\\/?product=wc-jel-camasir-suyu-okyanus-ferahligi#primaryimage\"},\"thumbnailUrl\":\"https:\\\/\\\/bseendustriyel.com\\\/wp-content\\\/uploads\\\/2026\\\/03\\\/cortex-184-wc-jel-camasir-suyu-okyanus-ferahligi.jpg\",\"datePublished\":\"2026-03-16T14:08:56+00:00\",\"dateModified\":\"2026-03-16T19:44:20+00:00\",\"description\":\"\u00c7ok ama\u00e7l\u0131 \u00e7ama\u015f\u0131r suyu ve y\u00fczey dezenfektan\u0131. Beyaz \u00e7ama\u015f\u0131rlar\u0131 parlat\u0131r; banyo, mutfak ve tuvalet y\u00fczeylerini dezenfekte eder. Eko-Kim'den sipari\u015f verin.\",\"breadcrumb\":{\"@id\":\"https:\\\/\\\/bseendustriyel.com\\\/?product=wc-jel-camasir-suyu-okyanus-ferahligi#breadcrumb\"},\"inLanguage\":\"tr\",\"potentialAction\":[{\"@type\":\"ReadAction\",\"target\":[\"https:\\\/\\\/bseendustriyel.com\\\/?product=wc-jel-camasir-suyu-okyanus-ferahligi\"]}]},{\"@type\":\"ImageObject\",\"inLanguage\":\"tr\",\"@id\":\"https:\\\/\\\/bseendustriyel.com\\\/?product=wc-jel-camasir-suyu-okyanus-ferahligi#primaryimage\",\"url\":\"https:\\\/\\\/bseendustriyel.com\\\/wp-content\\\/uploads\\\/2026\\\/03\\\/cortex-184-wc-jel-camasir-suyu-okyanus-ferahligi.jpg\",\"contentUrl\":\"https:\\\/\\\/bseendustriyel.com\\\/wp-content\\\/uploads\\\/2026\\\/03\\\/cortex-184-wc-jel-camasir-suyu-okyanus-ferahligi.jpg\",\"width\":450,\"height\":450},{\"@type\":\"BreadcrumbList\",\"@id\":\"https:\\\/\\\/bseendustriyel.com\\\/?product=wc-jel-camasir-suyu-okyanus-ferahligi#breadcrumb\",\"itemListElement\":[{\"@type\":\"ListItem\",\"position\":1,\"name\":\"Anasayfa\",\"item\":\"https:\\\/\\\/bseendustriyel.com\\\/\"},{\"@type\":\"ListItem\",\"position\":2,\"name\":\"Shop\",\"item\":\"https:\\\/\\\/bseendustriyel.com\\\/?page_id=24\"},{\"@type\":\"ListItem\",\"position\":3,\"name\":\"WC Jel \u00c7ama\u015f\u0131r Suyu, Okyanus Ferahl\u0131\u011f\u0131\"}]},{\"@type\":\"WebSite\",\"@id\":\"https:\\\/\\\/bseendustriyel.com\\\/#website\",\"url\":\"https:\\\/\\\/bseendustriyel.com\\\/\",\"name\":\"BSE Endusriyel Tedarik\",\"description\":\"\",\"potentialAction\":[{\"@type\":\"SearchAction\",\"target\":{\"@type\":\"EntryPoint\",\"urlTemplate\":\"https:\\\/\\\/bseendustriyel.com\\\/?s={search_term_string}\"},\"query-input\":{\"@type\":\"PropertyValueSpecification\",\"valueRequired\":true,\"valueName\":\"search_term_string\"}}],\"inLanguage\":\"tr\"}]}<\/script>\n<!-- \/ Yoast SEO Premium plugin. -->","yoast_head_json":{"title":"WC Jel \u00c7ama\u015f\u0131r Suyu, Okyanus Ferahl\u0131\u011f\u0131 - BSE Endusriyel Tedarik","description":"\u00c7ok ama\u00e7l\u0131 \u00e7ama\u015f\u0131r suyu ve y\u00fczey dezenfektan\u0131. Beyaz \u00e7ama\u015f\u0131rlar\u0131 parlat\u0131r; banyo, mutfak ve tuvalet y\u00fczeylerini dezenfekte eder. Eko-Kim'den sipari\u015f verin.","robots":{"index":"index","follow":"follow","max-snippet":"max-snippet:-1","max-image-preview":"max-image-preview:large","max-video-preview":"max-video-preview:-1"},"canonical":"https:\/\/bseendustriyel.com\/?product=wc-jel-camasir-suyu-okyanus-ferahligi","og_locale":"tr_TR","og_type":"article","og_title":"WC Jel \u00c7ama\u015f\u0131r Suyu, Okyanus Ferahl\u0131\u011f\u0131","og_description":"\u00c7ok ama\u00e7l\u0131 \u00e7ama\u015f\u0131r suyu ve y\u00fczey dezenfektan\u0131. Beyaz \u00e7ama\u015f\u0131rlar\u0131 parlat\u0131r; banyo, mutfak ve tuvalet y\u00fczeylerini dezenfekte eder. Eko-Kim'den sipari\u015f verin.","og_url":"https:\/\/bseendustriyel.com\/?product=wc-jel-camasir-suyu-okyanus-ferahligi","og_site_name":"BSE Endusriyel Tedarik","article_modified_time":"2026-03-16T19:44:20+00:00","og_image":[{"width":450,"height":450,"url":"https:\/\/bseendustriyel.com\/wp-content\/uploads\/2026\/03\/cortex-184-wc-jel-camasir-suyu-okyanus-ferahligi.jpg","type":"image\/jpeg"}],"twitter_card":"summary_large_image","schema":{"@context":"https:\/\/schema.org","@graph":[{"@type":"WebPage","@id":"https:\/\/bseendustriyel.com\/?product=wc-jel-camasir-suyu-okyanus-ferahligi","url":"https:\/\/bseendustriyel.com\/?product=wc-jel-camasir-suyu-okyanus-ferahligi","name":"WC Jel \u00c7ama\u015f\u0131r Suyu, Okyanus Ferahl\u0131\u011f\u0131 - BSE Endusriyel Tedarik","isPartOf":{"@id":"https:\/\/bseendustriyel.com\/#website"},"primaryImageOfPage":{"@id":"https:\/\/bseendustriyel.com\/?product=wc-jel-camasir-suyu-okyanus-ferahligi#primaryimage"},"image":{"@id":"https:\/\/bseendustriyel.com\/?product=wc-jel-camasir-suyu-okyanus-ferahligi#primaryimage"},"thumbnailUrl":"https:\/\/bseendustriyel.com\/wp-content\/uploads\/2026\/03\/cortex-184-wc-jel-camasir-suyu-okyanus-ferahligi.jpg","datePublished":"2026-03-16T14:08:56+00:00","dateModified":"2026-03-16T19:44:20+00:00","description":"\u00c7ok ama\u00e7l\u0131 \u00e7ama\u015f\u0131r suyu ve y\u00fczey dezenfektan\u0131. Beyaz \u00e7ama\u015f\u0131rlar\u0131 parlat\u0131r; banyo, mutfak ve tuvalet y\u00fczeylerini dezenfekte eder. Eko-Kim'den sipari\u015f verin.","breadcrumb":{"@id":"https:\/\/bseendustriyel.com\/?product=wc-jel-camasir-suyu-okyanus-ferahligi#breadcrumb"},"inLanguage":"tr","potentialAction":[{"@type":"ReadAction","target":["https:\/\/bseendustriyel.com\/?product=wc-jel-camasir-suyu-okyanus-ferahligi"]}]},{"@type":"ImageObject","inLanguage":"tr","@id":"https:\/\/bseendustriyel.com\/?product=wc-jel-camasir-suyu-okyanus-ferahligi#primaryimage","url":"https:\/\/bseendustriyel.com\/wp-content\/uploads\/2026\/03\/cortex-184-wc-jel-camasir-suyu-okyanus-ferahligi.jpg","contentUrl":"https:\/\/bseendustriyel.com\/wp-content\/uploads\/2026\/03\/cortex-184-wc-jel-camasir-suyu-okyanus-ferahligi.jpg","width":450,"height":450},{"@type":"BreadcrumbList","@id":"https:\/\/bseendustriyel.com\/?product=wc-jel-camasir-suyu-okyanus-ferahligi#breadcrumb","itemListElement":[{"@type":"ListItem","position":1,"name":"Anasayfa","item":"https:\/\/bseendustriyel.com\/"},{"@type":"ListItem","position":2,"name":"Shop","item":"https:\/\/bseendustriyel.com\/?page_id=24"},{"@type":"ListItem","position":3,"name":"WC Jel \u00c7ama\u015f\u0131r Suyu, Okyanus Ferahl\u0131\u011f\u0131"}]},{"@type":"WebSite","@id":"https:\/\/bseendustriyel.com\/#website","url":"https:\/\/bseendustriyel.com\/","name":"BSE Endusriyel Tedarik","description":"","potentialAction":[{"@type":"SearchAction","target":{"@type":"EntryPoint","urlTemplate":"https:\/\/bseendustriyel.com\/?s={search_term_string}"},"query-input":{"@type":"PropertyValueSpecification","valueRequired":true,"valueName":"search_term_string"}}],"inLanguage":"tr"}]}},"_links":{"self":[{"href":"https:\/\/bseendustriyel.com\/index.php?rest_route=\/wp\/v2\/product\/843","targetHints":{"allow":["GET"]}}],"collection":[{"href":"https:\/\/bseendustriyel.com\/index.php?rest_route=\/wp\/v2\/product"}],"about":[{"href":"https:\/\/bseendustriyel.com\/index.php?rest_route=\/wp\/v2\/types\/product"}],"replies":[{"embeddable":true,"href":"https:\/\/bseendustriyel.com\/index.php?rest_route=%2Fwp%2Fv2%2Fcomments&post=843"}],"wp:featuredmedia":[{"embeddable":true,"href":"https:\/\/bseendustriyel.com\/index.php?rest_route=\/wp\/v2\/media\/467"}],"wp:attachment":[{"href":"https:\/\/bseendustriyel.com\/index.php?rest_route=%2Fwp%2Fv2%2Fmedia&parent=843"}],"wp:term":[{"taxonomy":"product_brand","embeddable":true,"href":"https:\/\/bseendustriyel.com\/index.php?rest_route=%2Fwp%2Fv2%2Fproduct_brand&post=843"},{"taxonomy":"product_cat","embeddable":true,"href":"https:\/\/bseendustriyel.com\/index.php?rest_route=%2Fwp%2Fv2%2Fproduct_cat&post=843"},{"taxonomy":"product_tag","embeddable":true,"href":"https:\/\/bseendustriyel.com\/index.php?rest_route=%2Fwp%2Fv2%2Fproduct_tag&post=843"}],"curies":[{"name":"wp","href":"https:\/\/api.w.org\/{rel}","templated":true}]}}