{"id":894,"date":"2026-03-16T14:09:51","date_gmt":"2026-03-16T14:09:51","guid":{"rendered":"https:\/\/bseendustriyel.com\/product\/ferre-z-404-2\/"},"modified":"2026-03-16T14:09:51","modified_gmt":"2026-03-16T14:09:51","slug":"ferre-z-404-2","status":"publish","type":"product","link":"https:\/\/bseendustriyel.com\/?product=ferre-z-404-2","title":{"rendered":"Ferre Z-404"},"content":{"rendered":"<p>Ferre Z-404 \u2014 profesyonel seyreltme sistemi i\u00e7in konsantre form\u00fcl. Otomatik dozajlama ve seyreltme ekipmanlar\u0131yla kullan\u0131lmak \u00fczere tasarlanm\u0131\u015f; y\u00fcksek konsantrasyon sayesinde depolama ve nakliye maliyeti avantaj\u0131 sa\u011flar.<\/p>\n<p>5kg<\/p>\n","protected":false},"excerpt":{"rendered":"<p>Ferre Z-404 \u2014 profesyonel seyreltme sistemi i\u00e7in konsantre form\u00fcl. Otomatik dozajlama ve seyreltme ekipmanlar\u0131yla kullan\u0131lmak \u00fczere tasarlanm\u0131\u015f; y\u00fcksek konsantrasyon sayesinde depolama ve nakliye maliyeti avantaj\u0131 sa\u011flar.<\/p>\n","protected":false},"featured_media":0,"comment_status":"closed","ping_status":"open","template":"","meta":[],"product_brand":[],"product_cat":[70,44],"product_tag":[],"class_list":{"0":"post-894","1":"product","2":"type-product","3":"status-publish","5":"product_cat-seyreltme-sistem-temizlik-kimyasallari","6":"product_cat-temizlik-kimyasallari","8":"first","9":"instock","10":"product-type-simple"},"yoast_head":"<!-- This site is optimized with the Yoast SEO Premium plugin v27.1 (Yoast SEO v27.4) - https:\/\/yoast.com\/product\/yoast-seo-premium-wordpress\/ -->\n<title>Ferre Z-404 - BSE Endusriyel Tedarik<\/title>\n<meta name=\"description\" content=\"Ferre Z-404 \u2014 profesyonel seyreltme sistemi i\u00e7in konsantre form\u00fcl. Otomatik dozajlama ve seyreltme ekipmanlar\u0131yla kullan\u0131lmak \u00fczere tasarlanm\u0131\u015f; y\u00fcksek konsa...\" \/>\n<meta name=\"robots\" content=\"index, follow, max-snippet:-1, max-image-preview:large, max-video-preview:-1\" \/>\n<link rel=\"canonical\" href=\"https:\/\/bseendustriyel.com\/?product=ferre-z-404-2\" \/>\n<meta property=\"og:locale\" content=\"tr_TR\" \/>\n<meta property=\"og:type\" content=\"article\" \/>\n<meta property=\"og:title\" content=\"Ferre Z-404\" \/>\n<meta property=\"og:description\" content=\"Ferre Z-404 \u2014 profesyonel seyreltme sistemi i\u00e7in konsantre form\u00fcl. Otomatik dozajlama ve seyreltme ekipmanlar\u0131yla kullan\u0131lmak \u00fczere tasarlanm\u0131\u015f; y\u00fcksek konsa...\" \/>\n<meta property=\"og:url\" content=\"https:\/\/bseendustriyel.com\/?product=ferre-z-404-2\" \/>\n<meta property=\"og:site_name\" content=\"BSE Endusriyel Tedarik\" \/>\n<meta name=\"twitter:card\" content=\"summary_large_image\" \/>\n<script type=\"application\/ld+json\" class=\"yoast-schema-graph\">{\"@context\":\"https:\\\/\\\/schema.org\",\"@graph\":[{\"@type\":\"WebPage\",\"@id\":\"https:\\\/\\\/bseendustriyel.com\\\/?product=ferre-z-404-2\",\"url\":\"https:\\\/\\\/bseendustriyel.com\\\/?product=ferre-z-404-2\",\"name\":\"Ferre Z-404 - BSE Endusriyel Tedarik\",\"isPartOf\":{\"@id\":\"https:\\\/\\\/bseendustriyel.com\\\/#website\"},\"datePublished\":\"2026-03-16T14:09:51+00:00\",\"description\":\"Ferre Z-404 \u2014 profesyonel seyreltme sistemi i\u00e7in konsantre form\u00fcl. Otomatik dozajlama ve seyreltme ekipmanlar\u0131yla kullan\u0131lmak \u00fczere tasarlanm\u0131\u015f; y\u00fcksek konsa...\",\"breadcrumb\":{\"@id\":\"https:\\\/\\\/bseendustriyel.com\\\/?product=ferre-z-404-2#breadcrumb\"},\"inLanguage\":\"tr\",\"potentialAction\":[{\"@type\":\"ReadAction\",\"target\":[\"https:\\\/\\\/bseendustriyel.com\\\/?product=ferre-z-404-2\"]}]},{\"@type\":\"BreadcrumbList\",\"@id\":\"https:\\\/\\\/bseendustriyel.com\\\/?product=ferre-z-404-2#breadcrumb\",\"itemListElement\":[{\"@type\":\"ListItem\",\"position\":1,\"name\":\"Anasayfa\",\"item\":\"https:\\\/\\\/bseendustriyel.com\\\/\"},{\"@type\":\"ListItem\",\"position\":2,\"name\":\"Shop\",\"item\":\"https:\\\/\\\/bseendustriyel.com\\\/?page_id=24\"},{\"@type\":\"ListItem\",\"position\":3,\"name\":\"Ferre Z-404\"}]},{\"@type\":\"WebSite\",\"@id\":\"https:\\\/\\\/bseendustriyel.com\\\/#website\",\"url\":\"https:\\\/\\\/bseendustriyel.com\\\/\",\"name\":\"BSE Endusriyel Tedarik\",\"description\":\"\",\"potentialAction\":[{\"@type\":\"SearchAction\",\"target\":{\"@type\":\"EntryPoint\",\"urlTemplate\":\"https:\\\/\\\/bseendustriyel.com\\\/?s={search_term_string}\"},\"query-input\":{\"@type\":\"PropertyValueSpecification\",\"valueRequired\":true,\"valueName\":\"search_term_string\"}}],\"inLanguage\":\"tr\"}]}<\/script>\n<!-- \/ Yoast SEO Premium plugin. -->","yoast_head_json":{"title":"Ferre Z-404 - BSE Endusriyel Tedarik","description":"Ferre Z-404 \u2014 profesyonel seyreltme sistemi i\u00e7in konsantre form\u00fcl. Otomatik dozajlama ve seyreltme ekipmanlar\u0131yla kullan\u0131lmak \u00fczere tasarlanm\u0131\u015f; y\u00fcksek konsa...","robots":{"index":"index","follow":"follow","max-snippet":"max-snippet:-1","max-image-preview":"max-image-preview:large","max-video-preview":"max-video-preview:-1"},"canonical":"https:\/\/bseendustriyel.com\/?product=ferre-z-404-2","og_locale":"tr_TR","og_type":"article","og_title":"Ferre Z-404","og_description":"Ferre Z-404 \u2014 profesyonel seyreltme sistemi i\u00e7in konsantre form\u00fcl. Otomatik dozajlama ve seyreltme ekipmanlar\u0131yla kullan\u0131lmak \u00fczere tasarlanm\u0131\u015f; y\u00fcksek konsa...","og_url":"https:\/\/bseendustriyel.com\/?product=ferre-z-404-2","og_site_name":"BSE Endusriyel Tedarik","twitter_card":"summary_large_image","schema":{"@context":"https:\/\/schema.org","@graph":[{"@type":"WebPage","@id":"https:\/\/bseendustriyel.com\/?product=ferre-z-404-2","url":"https:\/\/bseendustriyel.com\/?product=ferre-z-404-2","name":"Ferre Z-404 - BSE Endusriyel Tedarik","isPartOf":{"@id":"https:\/\/bseendustriyel.com\/#website"},"datePublished":"2026-03-16T14:09:51+00:00","description":"Ferre Z-404 \u2014 profesyonel seyreltme sistemi i\u00e7in konsantre form\u00fcl. Otomatik dozajlama ve seyreltme ekipmanlar\u0131yla kullan\u0131lmak \u00fczere tasarlanm\u0131\u015f; y\u00fcksek konsa...","breadcrumb":{"@id":"https:\/\/bseendustriyel.com\/?product=ferre-z-404-2#breadcrumb"},"inLanguage":"tr","potentialAction":[{"@type":"ReadAction","target":["https:\/\/bseendustriyel.com\/?product=ferre-z-404-2"]}]},{"@type":"BreadcrumbList","@id":"https:\/\/bseendustriyel.com\/?product=ferre-z-404-2#breadcrumb","itemListElement":[{"@type":"ListItem","position":1,"name":"Anasayfa","item":"https:\/\/bseendustriyel.com\/"},{"@type":"ListItem","position":2,"name":"Shop","item":"https:\/\/bseendustriyel.com\/?page_id=24"},{"@type":"ListItem","position":3,"name":"Ferre Z-404"}]},{"@type":"WebSite","@id":"https:\/\/bseendustriyel.com\/#website","url":"https:\/\/bseendustriyel.com\/","name":"BSE Endusriyel Tedarik","description":"","potentialAction":[{"@type":"SearchAction","target":{"@type":"EntryPoint","urlTemplate":"https:\/\/bseendustriyel.com\/?s={search_term_string}"},"query-input":{"@type":"PropertyValueSpecification","valueRequired":true,"valueName":"search_term_string"}}],"inLanguage":"tr"}]}},"_links":{"self":[{"href":"https:\/\/bseendustriyel.com\/index.php?rest_route=\/wp\/v2\/product\/894","targetHints":{"allow":["GET"]}}],"collection":[{"href":"https:\/\/bseendustriyel.com\/index.php?rest_route=\/wp\/v2\/product"}],"about":[{"href":"https:\/\/bseendustriyel.com\/index.php?rest_route=\/wp\/v2\/types\/product"}],"replies":[{"embeddable":true,"href":"https:\/\/bseendustriyel.com\/index.php?rest_route=%2Fwp%2Fv2%2Fcomments&post=894"}],"wp:attachment":[{"href":"https:\/\/bseendustriyel.com\/index.php?rest_route=%2Fwp%2Fv2%2Fmedia&parent=894"}],"wp:term":[{"taxonomy":"product_brand","embeddable":true,"href":"https:\/\/bseendustriyel.com\/index.php?rest_route=%2Fwp%2Fv2%2Fproduct_brand&post=894"},{"taxonomy":"product_cat","embeddable":true,"href":"https:\/\/bseendustriyel.com\/index.php?rest_route=%2Fwp%2Fv2%2Fproduct_cat&post=894"},{"taxonomy":"product_tag","embeddable":true,"href":"https:\/\/bseendustriyel.com\/index.php?rest_route=%2Fwp%2Fv2%2Fproduct_tag&post=894"}],"curies":[{"name":"wp","href":"https:\/\/api.w.org\/{rel}","templated":true}]}}